test common divisor of 4815 and 450.
45
Calculate the greatest common factor of 540 and 105.
15
Calculate the highest common divisor of 272 and 8.
8
What is the greatest common factor of 36 and 477?
9
What is the greatest common factor of 2792 and 104?
8
Calculate the highest common factor of 24 and 282.
6
What is the highest common factor of 2448 and 544?
272
What is the greatest common divisor of 29 and 4553?
29
Calculate the greatest common factor of 24 and 3.
3
Calculate the greatest common divisor of 19311 and 123.
123
Calculate the greatest common divisor of 20 and 820.
20
What is the highest common factor of 1071 and 119?
119
Calculate the highest common divisor of 61 and 1647.
61
What is the highest common factor of 9954 and 1185?
237
What is the highest common factor of 100 and 272?
4
What is the greatest common divisor of 99 and 44?
11
Calculate the greatest common divisor of 58 and 22.
2
Calculate the highest common divisor of 68 and 1394.
34
What is the highest common factor of 96 and 640?
32
Calculate the greatest common divisor of 2893 and 22.
11
What is the highest common divisor of 456 and 21?
3
What is the highest common factor of 1620 and 40?
20
What is the greatest common factor of 330 and 396?
66
Calculate the greatest common divisor of 165 and 187.
11
Calculate the highest common factor of 1812 and 264.
12
Calculate the greatest common factor of 222 and 37.
37
What is the highest common divisor of 208 and 26?
26
Calculate the highest common divisor of 35 and 203.
7
Calculate the highest common divisor of 2177 and 7.
7
What is the highest common divisor of 1960 and 4508?
196
Calculate the greatest common divisor of 15 and 2100.
15
Calculate the greatest common divisor of 2115 and 1080.
45
Calculate the highest common divisor of 3108 and 84.
84
What is the greatest common factor of 266 and 14?
14
What is the greatest common divisor of 6 and 318?
6
Calculate the highest common divisor of 176 and 22.
22
What is the greatest common divisor of 55 and 187?
11
What is the highest common divisor of 26 and 832?
26
What is the highest common divisor of 388 and 28906?
194
What is the greatest common divisor of 80 and 976?
16
Calculate the highest common divisor of 10234 and 645.
43
What is the greatest common factor of 1415 and 45?
5
What is the highest common factor of 40479 and 309?
309
What is the highest common factor of 12 and 54?
6
What is the greatest common factor of 567 and 21?
21
What is the highest common factor of 18 and 666?
18
What is the highest common divisor of 285 and 3173?
19
Calculate the highest common divisor of 240 and 180.
60
What is the highest common divisor of 520 and 1640?
40
Calculate the greatest common divisor of 166 and 5395.
83
What is the greatest common factor of 515 and 103?
103
Calculate the greatest common divisor of 35 and 133.
7
What is the highest common divisor of 750 and 30?
30
Calculate the highest common factor of 860 and 129.
43
Calculate the greatest common factor of 119 and 469.
7
What is the greatest common divisor of 170 and 34?
34
What is the highest common divisor of 112 and 392?
56
What is the greatest common divisor of 33 and 88?
11
What is the highest common factor of 342 and 1?
1
What is the greatest common factor of 15059 and 37?
37
Calculate the highest common factor of 101 and 5.
1
What is the greatest common factor of 81 and 1863?
81
What is the greatest common divisor of 4779 and 243?
81
What is the greatest common factor of 31 and 496?
31
What is the highest common divisor of 27 and 2259?
9
Calculate the greatest common divisor of 2 and 19.
1
What is the greatest common divisor of 1716 and 13?
13
What is the greatest common factor of 9 and 216?
9
Calculate the greatest common divisor of 1 and 1573.
1
What is the highest common divisor of 165 and 143?
11
Calculate the highest common factor of 84 and 294.
42
What is the greatest common divisor of 2457 and 126?
63
What is the highest common factor of 36 and 2628?
36
Calculate the highest common divisor of 3122 and 63.
7
Calculate the greatest common factor of 23640 and 120.
120
What is the highest common divisor of 3053 and 71?
71
Calculate the greatest common divisor of 147 and 2891.
49
Calculate the greatest common factor of 870 and 120.
30
What is the greatest common divisor of 115 and 1058?
23
What is the greatest common factor of 252 and 168?
84
Calculate the highest common divisor of 22 and 3014.
22
Calculate the highest common factor of 42 and 273.
21
Calculate the greatest common factor of 350 and 1330.
70
Calculate the highest common divisor of 8 and 2240.
8
What is the greatest common factor of 13 and 1664?
13
What is the greatest common divisor of 47313 and 63?
63
Calculate the highest common divisor of 96 and 28.
4
Calculate the greatest common divisor of 14331 and 51.
51
What is the greatest common factor of 589 and 38?
19
What is the greatest common divisor of 940 and 10716?
188
Calculate the highest common factor of 525 and 120.
15
What is the highest common factor of 182 and 52?
26
What is the highest common factor of 80 and 15200?
80
Calculate the highest common factor of 5908 and 84.
28
Calculate the greatest common factor of 14 and 8.
2
What is the highest common factor of 11241 and 9?
9
What is the greatest common divisor of 11 and 979?
11
What is the greatest common divisor of 405 and 1485?
135
Calculate the highest common factor of 1239 and 9.
3
Calculate the highest common divisor of 130 and 50570.
130
What is the highest common divisor of 2226 and 42?
42
What is the greatest common divisor of 12 and 57?
3
What is the greatest common divisor of 9 and 261?
9
Calculate the highest common factor of 27 and 171.
9
Calculate the greatest common factor of 9567 and 9.
9
What is the greatest common factor of 18 and 2250?
18
Calculate the greatest common factor of 3926 and 442.
26
Calculate the highest common divisor of 18 and 174.
6
What is the highest common factor of 400 and 152?
8
What is the highest common factor of 104 and 2002?
26
What is the greatest common factor of 10 and 220?
10
What is the highest common factor of 48 and 58192?
16
Calculate the greatest common factor of 1245 and 15.
15
What is the greatest common factor of 272 and 17?
17
What is the greatest common factor of 392 and 98?
98
What is the greatest common divisor of 93 and 31?
31
Calculate the highest common divisor of 1995 and 42.
21
Calculate the highest common divisor of 592 and 8.
8
What is the greatest common divisor of 14348 and 136?
68
Calculate the greatest common factor of 4947 and 194.
97
What is the highest common divisor of 28 and 9198?
14
Calculate the highest common divisor of 11 and 8.
1
What is the highest common factor of 30 and 210?
30
What is the greatest common divisor of 108 and 6246?
18
Calculate the highest common factor of 840 and 378.
42
What is the highest common divisor of 510 and 30?
30
Calculate the greatest common divisor of 16895 and 465.
155
What is the highest common divisor of 1426 and 496?
62
What is the highest common factor of 2001 and 138?
69
Calculate the highest common factor of 21873 and 23.
23
What is the highest common factor of 4290 and 22?
22
Calculate the greatest common factor of 105 and 25.
5
Calculate the greatest common factor of 100 and 1450.
50
Calculate the greatest common divisor of 11 and 2431.
11
What is the highest common divisor of 153 and 54?
9
Calculate the greatest common divisor of 1003 and 59.
59
Calculate the highest common factor of 104 and 130.
26
What is the greatest common divisor of 33 and 372?
3
What is the highest common factor of 163 and 7987?
163
What is the highest common divisor of 8366 and 94?
94
Calculate the greatest common factor of 3149 and 47.
47
Calculate the greatest common factor of 228 and 3477.
57
What is the highest common divisor of 50 and 2?
2
What is the highest common divisor of 312 and 168?
24
What is the highest common divisor of 10 and 18?
2
What is the greatest common divisor of 18 and 114?
6
Calculate the greatest common divisor of 174 and 6.
6
What is the greatest common factor of 18465 and 45?
15
Calculate the greatest common divisor of 87 and 4.
1
Calculate the highest common divisor of 265 and 53.
53
Calculate the highest common divisor 